{"id":460,"date":"2024-06-11T10:51:12","date_gmt":"2024-06-11T10:51:12","guid":{"rendered":"https:\/\/paramythique.com\/parasite_\/?post_type=product&#038;p=460"},"modified":"2024-07-04T21:51:16","modified_gmt":"2024-07-04T21:51:16","slug":"ducray-neoptide-serum-antichute-croissance-shampoing","status":"publish","type":"product","link":"https:\/\/paramythique.com\/parasite_\/boutique\/bebe-maman\/ducray-neoptide-serum-antichute-croissance-shampoing\/","title":{"rendered":"DUCRAY  NEOPTIDE serum antichute &#038; croissance  + shampoing"},"content":{"rendered":"<p>Neoptide Ducray est un s\u00e9rum anti-chute de cheveux qui est con\u00e7u pour aider \u00e0 pr\u00e9venir la chute des cheveux et \u00e0 favoriser leur croissance et accompagne les greffes capillaires.<\/p>\n<p>Action anti-chute : Neoptide est formul\u00e9 pour r\u00e9duire la chute des cheveux en agissant sur les facteurs responsables de la chute excessive de cheveux, tels que le stress, les d\u00e9s\u00e9quilibres hormonaux, ou encore la fragilit\u00e9 des follicules pileux.<\/p>\n<p>Stimulation de la croissance des cheveux : En favorisant la microcirculation au niveau du cuir chevelu et en apportant des nutriments essentiels aux follicules pileux, Neoptide aide \u00e0 stimuler la croissance de nouveaux cheveux et \u00e0 renforcer ceux d\u00e9j\u00e0 pr\u00e9sents.<\/p>\n<p>Texture l\u00e9g\u00e8re : Sa formule l\u00e9g\u00e8re et non grasse permet une application facile et confortable, sans alourdir les cheveux ni laisser de r\u00e9sidus.<\/p>\n<p>Compatibilit\u00e9 dermatologique : Neoptide est test\u00e9 dermatologiquement et adapt\u00e9 aux peaux sensibles, ce qui en fait une option s\u00fbre pour ceux qui cherchent \u00e0 traiter la chute des cheveux sans agresser leur cuir chevelu.<\/p>\n<p>Usage quotidien : Il peut \u00eatre utilis\u00e9 quotidiennement pour des r\u00e9sultats optimaux, ce qui en fait une solution pratique pour int\u00e9grer dans votre routine de soins capillaires.<\/p>\n","protected":false},"excerpt":{"rendered":"<p>Neoptide Ducray est un s\u00e9rum anti-chute de cheveux favorise la croissance des cheveux  et utilis\u00e9 comme accompagnement des greffes capillaires.<\/p>\n","protected":false},"featured_media":461,"template":"","meta":{"ocean_post_layout":"","ocean_both_sidebars_style":"","ocean_both_sidebars_content_width":0,"ocean_both_sidebars_sidebars_width":0,"ocean_sidebar":"0","ocean_second_sidebar":"0","ocean_disable_margins":"enable","ocean_add_body_class":"","ocean_shortcode_before_top_bar":"","ocean_shortcode_after_top_bar":"","ocean_shortcode_before_header":"","ocean_shortcode_after_header":"","ocean_has_shortcode":"","ocean_shortcode_after_title":"","ocean_shortcode_before_footer_widgets":"","ocean_shortcode_after_footer_widgets":"","ocean_shortcode_before_footer_bottom":"","ocean_shortcode_after_footer_bottom":"","ocean_display_top_bar":"default","ocean_display_header":"default","ocean_header_style":"","ocean_center_header_left_menu":"0","ocean_custom_header_template":"0","ocean_custom_logo":0,"ocean_custom_retina_logo":0,"ocean_custom_logo_max_width":0,"ocean_custom_logo_tablet_max_width":0,"ocean_custom_logo_mobile_max_width":0,"ocean_custom_logo_max_height":0,"ocean_custom_logo_tablet_max_height":0,"ocean_custom_logo_mobile_max_height":0,"ocean_header_custom_menu":"0","ocean_menu_typo_font_family":"0","ocean_menu_typo_font_subset":"","ocean_menu_typo_font_size":0,"ocean_menu_typo_font_size_tablet":0,"ocean_menu_typo_font_size_mobile":0,"ocean_menu_typo_font_size_unit":"px","ocean_menu_typo_font_weight":"","ocean_menu_typo_font_weight_tablet":"","ocean_menu_typo_font_weight_mobile":"","ocean_menu_typo_transform":"","ocean_menu_typo_transform_tablet":"","ocean_menu_typo_transform_mobile":"","ocean_menu_typo_line_height":0,"ocean_menu_typo_line_height_tablet":0,"ocean_menu_typo_line_height_mobile":0,"ocean_menu_typo_line_height_unit":"","ocean_menu_typo_spacing":0,"ocean_menu_typo_spacing_tablet":0,"ocean_menu_typo_spacing_mobile":0,"ocean_menu_typo_spacing_unit":"","ocean_menu_link_color":"","ocean_menu_link_color_hover":"","ocean_menu_link_color_active":"","ocean_menu_link_background":"","ocean_menu_link_hover_background":"","ocean_menu_link_active_background":"","ocean_menu_social_links_bg":"","ocean_menu_social_hover_links_bg":"","ocean_menu_social_links_color":"","ocean_menu_social_hover_links_color":"","ocean_disable_title":"default","ocean_disable_heading":"default","ocean_post_title":"","ocean_post_subheading":"","ocean_post_title_style":"","ocean_post_title_background_color":"","ocean_post_title_background":0,"ocean_post_title_bg_image_position":"","ocean_post_title_bg_image_attachment":"","ocean_post_title_bg_image_repeat":"","ocean_post_title_bg_image_size":"","ocean_post_title_height":0,"ocean_post_title_bg_overlay":0.5,"ocean_post_title_bg_overlay_color":"","ocean_disable_breadcrumbs":"default","ocean_breadcrumbs_color":"","ocean_breadcrumbs_separator_color":"","ocean_breadcrumbs_links_color":"","ocean_breadcrumbs_links_hover_color":"","ocean_display_footer_widgets":"default","ocean_display_footer_bottom":"default","ocean_custom_footer_template":"0"},"product_cat":[23,32,38],"product_tag":[],"class_list":{"0":"post-460","1":"product","2":"type-product","3":"status-publish","4":"has-post-thumbnail","6":"product_cat-bebe-maman","7":"product_cat-cheveux","8":"product_cat-promos","10":"entry","11":"has-media","13":"first","14":"instock","15":"sale","16":"shipping-taxable","17":"purchasable","18":"product-type-simple","19":"has-product-nav","20":"col","21":"span_1_of_3","22":"owp-content-center","23":"owp-thumbs-layout-horizontal","24":"owp-btn-normal","25":"owp-tabs-layout-horizontal","26":"has-no-thumbnails"},"yoast_head":"<!-- This site is optimized with the Yoast SEO plugin v24.5 - https:\/\/yoast.com\/wordpress\/plugins\/seo\/ -->\n<title>DUCRAY NEOPTIDE serum antichute &amp; croissance + shampoing - Paramythique<\/title>\n<meta name=\"description\" content=\"Neoptide Ducray est un s\u00e9rum anti-chute de cheveux favorise la croissance des cheveux et utilis\u00e9 comme accompagnement des greffes capillaires.\" \/>\n<meta name=\"robots\" content=\"index, follow, max-snippet:-1, max-image-preview:large, max-video-preview:-1\" \/>\n<link rel=\"canonical\" href=\"https:\/\/paramythique.com\/parasite_\/boutique\/bebe-maman\/ducray-neoptide-serum-antichute-croissance-shampoing\/\" \/>\n<meta property=\"og:locale\" content=\"fr_FR\" \/>\n<meta property=\"og:type\" content=\"article\" \/>\n<meta property=\"og:title\" content=\"DUCRAY NEOPTIDE serum antichute &amp; croissance + shampoing - Paramythique\" \/>\n<meta property=\"og:description\" content=\"Neoptide Ducray est un s\u00e9rum anti-chute de cheveux favorise la croissance des cheveux et utilis\u00e9 comme accompagnement des greffes capillaires.\" \/>\n<meta property=\"og:url\" content=\"https:\/\/paramythique.com\/parasite_\/boutique\/bebe-maman\/ducray-neoptide-serum-antichute-croissance-shampoing\/\" \/>\n<meta property=\"og:site_name\" content=\"Paramythique\" \/>\n<meta property=\"article:publisher\" content=\"https:\/\/www.facebook.com\/profile.php?id=61558983568870\" \/>\n<meta property=\"article:modified_time\" content=\"2024-07-04T21:51:16+00:00\" \/>\n<meta property=\"og:image\" content=\"https:\/\/paramythique.com\/parasite_\/wp-content\/uploads\/2024\/06\/ducray-neoptide-cheveux-Photoroom.jpg\" \/>\n\t<meta property=\"og:image:width\" content=\"2000\" \/>\n\t<meta property=\"og:image:height\" content=\"2000\" \/>\n\t<meta property=\"og:image:type\" content=\"image\/jpeg\" \/>\n<meta name=\"twitter:card\" content=\"summary_large_image\" \/>\n<meta name=\"twitter:label1\" content=\"Dur\u00e9e de lecture estim\u00e9e\" \/>\n\t<meta name=\"twitter:data1\" content=\"1 minute\" \/>\n<script type=\"application\/ld+json\" class=\"yoast-schema-graph\">{\"@context\":\"https:\/\/schema.org\",\"@graph\":[{\"@type\":\"WebPage\",\"@id\":\"https:\/\/paramythique.com\/parasite_\/boutique\/bebe-maman\/ducray-neoptide-serum-antichute-croissance-shampoing\/\",\"url\":\"https:\/\/paramythique.com\/parasite_\/boutique\/bebe-maman\/ducray-neoptide-serum-antichute-croissance-shampoing\/\",\"name\":\"DUCRAY NEOPTIDE serum antichute & croissance + shampoing - Paramythique\",\"isPartOf\":{\"@id\":\"https:\/\/paramythique.com\/parasite_\/#website\"},\"primaryImageOfPage\":{\"@id\":\"https:\/\/paramythique.com\/parasite_\/boutique\/bebe-maman\/ducray-neoptide-serum-antichute-croissance-shampoing\/#primaryimage\"},\"image\":{\"@id\":\"https:\/\/paramythique.com\/parasite_\/boutique\/bebe-maman\/ducray-neoptide-serum-antichute-croissance-shampoing\/#primaryimage\"},\"thumbnailUrl\":\"https:\/\/paramythique.com\/parasite_\/wp-content\/uploads\/2024\/06\/ducray-neoptide-cheveux-Photoroom.jpg\",\"datePublished\":\"2024-06-11T10:51:12+00:00\",\"dateModified\":\"2024-07-04T21:51:16+00:00\",\"description\":\"Neoptide Ducray est un s\u00e9rum anti-chute de cheveux favorise la croissance des cheveux et utilis\u00e9 comme accompagnement des greffes capillaires.\",\"breadcrumb\":{\"@id\":\"https:\/\/paramythique.com\/parasite_\/boutique\/bebe-maman\/ducray-neoptide-serum-antichute-croissance-shampoing\/#breadcrumb\"},\"inLanguage\":\"fr-FR\",\"potentialAction\":[{\"@type\":\"ReadAction\",\"target\":[\"https:\/\/paramythique.com\/parasite_\/boutique\/bebe-maman\/ducray-neoptide-serum-antichute-croissance-shampoing\/\"]}]},{\"@type\":\"ImageObject\",\"inLanguage\":\"fr-FR\",\"@id\":\"https:\/\/paramythique.com\/parasite_\/boutique\/bebe-maman\/ducray-neoptide-serum-antichute-croissance-shampoing\/#primaryimage\",\"url\":\"https:\/\/paramythique.com\/parasite_\/wp-content\/uploads\/2024\/06\/ducray-neoptide-cheveux-Photoroom.jpg\",\"contentUrl\":\"https:\/\/paramythique.com\/parasite_\/wp-content\/uploads\/2024\/06\/ducray-neoptide-cheveux-Photoroom.jpg\",\"width\":2000,\"height\":2000},{\"@type\":\"BreadcrumbList\",\"@id\":\"https:\/\/paramythique.com\/parasite_\/boutique\/bebe-maman\/ducray-neoptide-serum-antichute-croissance-shampoing\/#breadcrumb\",\"itemListElement\":[{\"@type\":\"ListItem\",\"position\":1,\"name\":\"Parapharmacie\",\"item\":\"https:\/\/paramythique.com\/parasite_\/boutique\/\"},{\"@type\":\"ListItem\",\"position\":2,\"name\":\"DUCRAY NEOPTIDE serum antichute &#038; croissance + shampoing\"}]},{\"@type\":\"WebSite\",\"@id\":\"https:\/\/paramythique.com\/parasite_\/#website\",\"url\":\"https:\/\/paramythique.com\/parasite_\/\",\"name\":\"Paramythique\",\"description\":\"Votre sant\u00e9 c&#039;est  notre priorit\u00e9\",\"publisher\":{\"@id\":\"https:\/\/paramythique.com\/parasite_\/#organization\"},\"potentialAction\":[{\"@type\":\"SearchAction\",\"target\":{\"@type\":\"EntryPoint\",\"urlTemplate\":\"https:\/\/paramythique.com\/parasite_\/?s={search_term_string}\"},\"query-input\":{\"@type\":\"PropertyValueSpecification\",\"valueRequired\":true,\"valueName\":\"search_term_string\"}}],\"inLanguage\":\"fr-FR\"},{\"@type\":\"Organization\",\"@id\":\"https:\/\/paramythique.com\/parasite_\/#organization\",\"name\":\"Paramythique\",\"url\":\"https:\/\/paramythique.com\/parasite_\/\",\"logo\":{\"@type\":\"ImageObject\",\"inLanguage\":\"fr-FR\",\"@id\":\"https:\/\/paramythique.com\/parasite_\/#\/schema\/logo\/image\/\",\"url\":\"https:\/\/paramythique.com\/parasite_\/wp-content\/uploads\/2024\/05\/cropped-logo-1.webp\",\"contentUrl\":\"https:\/\/paramythique.com\/parasite_\/wp-content\/uploads\/2024\/05\/cropped-logo-1.webp\",\"width\":587,\"height\":582,\"caption\":\"Paramythique\"},\"image\":{\"@id\":\"https:\/\/paramythique.com\/parasite_\/#\/schema\/logo\/image\/\"},\"sameAs\":[\"https:\/\/www.facebook.com\/profile.php?id=61558983568870\"]}]}<\/script>\n<!-- \/ Yoast SEO plugin. -->","yoast_head_json":{"title":"DUCRAY NEOPTIDE serum antichute & croissance + shampoing - Paramythique","description":"Neoptide Ducray est un s\u00e9rum anti-chute de cheveux favorise la croissance des cheveux et utilis\u00e9 comme accompagnement des greffes capillaires.","robots":{"index":"index","follow":"follow","max-snippet":"max-snippet:-1","max-image-preview":"max-image-preview:large","max-video-preview":"max-video-preview:-1"},"canonical":"https:\/\/paramythique.com\/parasite_\/boutique\/bebe-maman\/ducray-neoptide-serum-antichute-croissance-shampoing\/","og_locale":"fr_FR","og_type":"article","og_title":"DUCRAY NEOPTIDE serum antichute & croissance + shampoing - Paramythique","og_description":"Neoptide Ducray est un s\u00e9rum anti-chute de cheveux favorise la croissance des cheveux et utilis\u00e9 comme accompagnement des greffes capillaires.","og_url":"https:\/\/paramythique.com\/parasite_\/boutique\/bebe-maman\/ducray-neoptide-serum-antichute-croissance-shampoing\/","og_site_name":"Paramythique","article_publisher":"https:\/\/www.facebook.com\/profile.php?id=61558983568870","article_modified_time":"2024-07-04T21:51:16+00:00","og_image":[{"width":2000,"height":2000,"url":"https:\/\/paramythique.com\/parasite_\/wp-content\/uploads\/2024\/06\/ducray-neoptide-cheveux-Photoroom.jpg","type":"image\/jpeg"}],"twitter_card":"summary_large_image","twitter_misc":{"Dur\u00e9e de lecture estim\u00e9e":"1 minute"},"schema":{"@context":"https:\/\/schema.org","@graph":[{"@type":"WebPage","@id":"https:\/\/paramythique.com\/parasite_\/boutique\/bebe-maman\/ducray-neoptide-serum-antichute-croissance-shampoing\/","url":"https:\/\/paramythique.com\/parasite_\/boutique\/bebe-maman\/ducray-neoptide-serum-antichute-croissance-shampoing\/","name":"DUCRAY NEOPTIDE serum antichute & croissance + shampoing - Paramythique","isPartOf":{"@id":"https:\/\/paramythique.com\/parasite_\/#website"},"primaryImageOfPage":{"@id":"https:\/\/paramythique.com\/parasite_\/boutique\/bebe-maman\/ducray-neoptide-serum-antichute-croissance-shampoing\/#primaryimage"},"image":{"@id":"https:\/\/paramythique.com\/parasite_\/boutique\/bebe-maman\/ducray-neoptide-serum-antichute-croissance-shampoing\/#primaryimage"},"thumbnailUrl":"https:\/\/paramythique.com\/parasite_\/wp-content\/uploads\/2024\/06\/ducray-neoptide-cheveux-Photoroom.jpg","datePublished":"2024-06-11T10:51:12+00:00","dateModified":"2024-07-04T21:51:16+00:00","description":"Neoptide Ducray est un s\u00e9rum anti-chute de cheveux favorise la croissance des cheveux et utilis\u00e9 comme accompagnement des greffes capillaires.","breadcrumb":{"@id":"https:\/\/paramythique.com\/parasite_\/boutique\/bebe-maman\/ducray-neoptide-serum-antichute-croissance-shampoing\/#breadcrumb"},"inLanguage":"fr-FR","potentialAction":[{"@type":"ReadAction","target":["https:\/\/paramythique.com\/parasite_\/boutique\/bebe-maman\/ducray-neoptide-serum-antichute-croissance-shampoing\/"]}]},{"@type":"ImageObject","inLanguage":"fr-FR","@id":"https:\/\/paramythique.com\/parasite_\/boutique\/bebe-maman\/ducray-neoptide-serum-antichute-croissance-shampoing\/#primaryimage","url":"https:\/\/paramythique.com\/parasite_\/wp-content\/uploads\/2024\/06\/ducray-neoptide-cheveux-Photoroom.jpg","contentUrl":"https:\/\/paramythique.com\/parasite_\/wp-content\/uploads\/2024\/06\/ducray-neoptide-cheveux-Photoroom.jpg","width":2000,"height":2000},{"@type":"BreadcrumbList","@id":"https:\/\/paramythique.com\/parasite_\/boutique\/bebe-maman\/ducray-neoptide-serum-antichute-croissance-shampoing\/#breadcrumb","itemListElement":[{"@type":"ListItem","position":1,"name":"Parapharmacie","item":"https:\/\/paramythique.com\/parasite_\/boutique\/"},{"@type":"ListItem","position":2,"name":"DUCRAY NEOPTIDE serum antichute &#038; croissance + shampoing"}]},{"@type":"WebSite","@id":"https:\/\/paramythique.com\/parasite_\/#website","url":"https:\/\/paramythique.com\/parasite_\/","name":"Paramythique","description":"Votre sant\u00e9 c&#039;est  notre priorit\u00e9","publisher":{"@id":"https:\/\/paramythique.com\/parasite_\/#organization"},"potentialAction":[{"@type":"SearchAction","target":{"@type":"EntryPoint","urlTemplate":"https:\/\/paramythique.com\/parasite_\/?s={search_term_string}"},"query-input":{"@type":"PropertyValueSpecification","valueRequired":true,"valueName":"search_term_string"}}],"inLanguage":"fr-FR"},{"@type":"Organization","@id":"https:\/\/paramythique.com\/parasite_\/#organization","name":"Paramythique","url":"https:\/\/paramythique.com\/parasite_\/","logo":{"@type":"ImageObject","inLanguage":"fr-FR","@id":"https:\/\/paramythique.com\/parasite_\/#\/schema\/logo\/image\/","url":"https:\/\/paramythique.com\/parasite_\/wp-content\/uploads\/2024\/05\/cropped-logo-1.webp","contentUrl":"https:\/\/paramythique.com\/parasite_\/wp-content\/uploads\/2024\/05\/cropped-logo-1.webp","width":587,"height":582,"caption":"Paramythique"},"image":{"@id":"https:\/\/paramythique.com\/parasite_\/#\/schema\/logo\/image\/"},"sameAs":["https:\/\/www.facebook.com\/profile.php?id=61558983568870"]}]}},"_links":{"self":[{"href":"https:\/\/paramythique.com\/parasite_\/wp-json\/wp\/v2\/product\/460","targetHints":{"allow":["GET"]}}],"collection":[{"href":"https:\/\/paramythique.com\/parasite_\/wp-json\/wp\/v2\/product"}],"about":[{"href":"https:\/\/paramythique.com\/parasite_\/wp-json\/wp\/v2\/types\/product"}],"wp:featuredmedia":[{"embeddable":true,"href":"https:\/\/paramythique.com\/parasite_\/wp-json\/wp\/v2\/media\/461"}],"wp:attachment":[{"href":"https:\/\/paramythique.com\/parasite_\/wp-json\/wp\/v2\/media?parent=460"}],"wp:term":[{"taxonomy":"product_cat","embeddable":true,"href":"https:\/\/paramythique.com\/parasite_\/wp-json\/wp\/v2\/product_cat?post=460"},{"taxonomy":"product_tag","embeddable":true,"href":"https:\/\/paramythique.com\/parasite_\/wp-json\/wp\/v2\/product_tag?post=460"}],"curies":[{"name":"wp","href":"https:\/\/api.w.org\/{rel}","templated":true}]}}